- (2 - 2) - 9 - (2023 - 1983))?
43
What is -1 + -37 - (-19 + (21 - -14) + -21 + 18)?
-51
What is -27 + (-32 + 33 - -46)?
20
What is the value of -10 - 13 - (-23 + 14)?
-14
Evaluate (-238 - -73 - -40) + 1 + 8.
-116
What is the value of -47 + 2 - (-103 + 118 - 9)?
-51
What is 669 + -641 - (-10 - -7)?
31
What is 28 + -108 + -301 + 370?
-11
What is (44 - -2) + (-5365 - -5329)?
10
What is the value of 29 + -45 - (4 - 63) - (-1 - -9)?
35
Evaluate 27 + (-16 - 15) + -16.
-20
Calculate 16 + (34 - 71) - 40.
-61
What is the value of 126 + -69 + -123 + 72?
6
What is -184 - (94 - (22 + 185))?
-71
What is the value of -1 - -10 - (-14 + 5 + (16 - 14) + 11)?
5
(0 - 5) + 6 + 16 + -10 + 2
9
Evaluate 69 + 6 + -46 + 16.
45
-324 + (106 - -18) + 67
-133
What is (-2 - (0 - -86)) + -4 - (32 + (27 - 45))?
-106
What is 1 + -16 + (-1 - (6 + 37 + -18))?
-41
Evaluate 10 - ((11 - -6 - 27) + 49).
-29
What is 6 - (-12 + 30 - -23)?
-35
Evaluate 2 + -53 - (-967 + 924).
-8
-2 + (19 - 23) + -15 + -12
-33
Calculate -103 + 11 + 31 + 139.
78
Evaluate (-101 - (115 - -5)) + 122.
-99
139 + -144 - (-42 - 51)
88
What is 8 + -5 - 13 - (30 - -9 - 25)?
-24
Evaluate -26 + (28 + (-21 - 31) - -27).
-23
What is the value of (-27 - (-20 - 7)) + (12 - 11 - -14)?
15
(1 - 44) + (-45 - -24) + 35
-29
What is 31 + -15 + -110 + -4 + 2 + 15?
-81
Evaluate -75 - (3 - (-3 - 10 - (-8 + -4 + 9))).
-88
What is the value of 58 + (-10 - -11 - (2 + 3)) - (1 + 3)?
50
Evaluate -12 + (65 - 11) + (13 - 33).
22
117 + (43 + -18 + -5 - 41) + -2
94
(0 - 4) + 15 + (-38 - (-41 + 4))
10
Calculate -35 + -19 + (-6 + 6 - (-5 - (5 + -7))).
-51
What is (-15 + 7 - 26) + (6 - (10 + -6))?
-32
Evaluate -58 + -5 + 12 + (12 - ((-9 - -11) + 16)).
-57
Calculate (1 - -99) + -155 + 106 + -11 + 45.
85
What is the value of 0 - 40 - (-10 - (0 + 3 - -8))?
-19
Evaluate (-552 - -548) + 1 + 43 - 17.
23
-168 + (66 + 29 - 57)
-130
What is (40 - -1 - -1) + (12 - (27 + (-41 - -38)))?
30
(-14 - -46 - 36) + 23
19
What is -36 + 7 + -16 - -43?
-2
Calculate (33 - 171 - (-83 + 42)) + -28.
-125
What is the value of 13 - (115 - -18 - 43)?
-77
Calculate (14 - 5) + -12 + 15 + -13.
-1
What is (756 - 748) + (-15 + 19 - (1 + -26))?
37
What is -22 - (615 - 550 - (-1 + -17))?
-105
Evaluate 11 + 1 + (0 + 27 - -8) + -90.
-43
-26 - ((-30 - 62) + 48)
18
What is the value of -5 - (-101 - (-128 + -8))?
-40
What is 17 - (14 + -5) - 15 - (-1 - 57)?
51
Evaluate 93 + -96 + (2 - -8) + (-1 - (-1 - 43)).
50
(-3 - (-9 - -1) - (-15 - -26)) + 5 + -2
-3
What is the value of (18 + -29 - -3) + 21 - (1 + 1)?
11
Evaluate -1 - (1 + (-17 - (-32 - 0))) - 7.
-24
Calculate (-43 - -5) + 16 - -20.
-2
What is 21 + -41 + 6 + 21 - (-9 + 33)?
-17
Evaluate 51 - (45 - (-3 - -33)).
36
Calculate -6 - ((3 - (4 - (2 + 8) - -4)) + 18).
-29
20 + (-31 - (5 - 14 - 1))
-1
What is the value of -26 + 58 + (-27 - (-21 + 29))?
-3
What is the value of 15 + -19 + -37 + 10 + 20?
-11
Calculate -1 + (1 - 2) + (-49 - (-11 + 15)) + 26.
-29
Evaluate (0 - -1) + -3 - (31 - (-32 - -99) - -66).
-32
What is the value of (2 + -1 - -1) + 0 + -72 - (-13318 - -13326)?
-78
Evaluate -152 + 98 + -4 - -113.
55
What is (-18 - (-49 + 35 + -17)) + (-36 - -1)?
-22
Evaluate 33 + (-6 + -51 - -34) + (0 - 35 - 1).
-26
Calculate (-157 - -84) + 51 + 31.
9
-11 + (-8 - 36 - -41)
-14
Evaluate -3 + -22 + 62 + -50.
-13
What is -21 + 0 - (-79 + 11 + 132)?
-85
Calculate 3 - (37 - 54 - -44).
-24
9 - ((-31 - -36) + -4 + -2 - 16)
26
(-9 - -80) + 655 + -775
-49
-19 + (8 - (-1 - -20) - -19) + 66
55
What is 64 - (43 + (-10 - 4) + -8)?
43
Evaluate (26 - 10) + -37 + 92.
71
What is 11 + (0 - 10) + 33?
34
What is the value of 13 + -21 + ((-13 - -6) + 43 - (-6 - -6))?
28
What is 1 + -3 + (-25 - (147 - (-26 + 44) - 17))?
-139
What is (7 - (-63 - -114 - (-15 - -4))) + -2 + 15?
-42
Calculate -12 - 13 - 7 - (11 - 6).
-37
Evaluate -6 - (36 + (3 - (-15 - (2 + -14)))).
-48
What is 120 + -9 + 21 + -26 + (4 - (-6 - 3))?
119
Calculate -42 - -1 - (45 + 135 + -201).
-20
-2 + 25 + 16 + -39 + -4
-4
-31 + 0 + 51 + -55 + 23
-12
Calculate 1 + (-4 - 5) - ((-20 - -18) + -16).
10
(39 - (45 - 26)) + 20 + 17
57
Calculate (152 - 14 - 213) + 209.
134
What is -2 + (2 - 29) - (50 - (71 + -33))?
-41
63 + 3 - (-939 + 956)
49
-5 + -96 + -107 - -57
-151
What is the value of 68 - (-4 + (2 - 0)) - (1215 - 1215)?
70
What is the value of (-50 - 43) + 178 - 186?
-101
What is the value of 0 - ((-26 + 24 - (-34 - 2)) + -11)?
-23
What is the value of -12 - ((7 - 3 - 53) + -20)?
57
Calculate 6 - 43 - (-6 - 87).
56
-41 + 39 + -19 + -2
-23
(75 - 31 - -10) + 2 - (-4 + 5)
55
What is (-2 - 19) + (-27 - (15 - 27))?
-36
(-35 - 2) + (112 - 79) - (1 + 57)
-62
What is -3 - -38 - ((1 - -5) + -3 - (12 - 1))?
43
What is the value of -39 + 0 - (0 + 0 - (-33 - -50 - 18))?
-40
139 - (27 + -11) - (-12 + 24 + 9)
102
Evaluate -8 + 18 - (-15 + 25 + 2 + 1).
-3
What is -2 + 30 - (-12 - (46 - 65))?
21
(3 + -1 - -9) + 17 - 20
8
Calculate 2 + -9 + -13 + 6 + (-1 - -63 - -9).
57
157 + (141 - (138 - -63))
97
Evaluate -47 + 5 + -82 + 89.
-35
What is -7 + (13 + -5 - 7) - (7 + -29)?
16
13 - ((1 - -15) + (-52 - 13 - -40))
22
What is 0 - (3 + -1) - -18 - (4978 - 4898)?
-64
Calculate 1 + 1 + -2 - (32 - -72 - 57).
-47
What is 4 - (-2 - (-6 - -2)) - (-2367 - -2392)?
-23
(26 - (2 + 4)) + -32 + 26 + (64 - 223)
-145
Calculate (-3 + 56 - 4) + -21 + -2 + 5.
31
What is (-3 - (-1 - 11 - (-46 + (70 - 34)))) + -59?
-60
Calculate (0 - -17) + 1861 + -1909.
-31
-18 + (-8 + (60 - 1) - 21)
12
(-9 + (16 + -5 - 5) + 4 - 16) + 15
0
Evaluate -181 - -239 - (3 - -105).
-50
What is the value of 1 + -12 + (35 - (-43 + 66)) + 20?
21
Evaluate 45 - (25 + 8) - ((-35 - 2) + -10).
59
Evaluate 10 + (-27 - ((9 - 17) + 4 + 14)).
-27
-56 + (-106 + 42 - -48)
-72
Calculate -12 + (1 - (-7 + 29)) - 5.
-38
Evaluate (-317 - (-391 - -75)) + 108 + -1 + 2 + -3.
105
-171 + 160 + (-18 - (7 + 2 - 2))
-36
(-2 - 32 - (-31 - -9 - -16)) + -11
-39
19 + 16 + (-70 - (41 + -205))
129
78 + (21 - 178) + 28
-51
Calculate (52 + -44 - -18) + -3 + -1.
22
Evaluate 5 + -13 + 19 + (3 - 7).
7
Evaluate -9 + 0 + (210 + -111 - 50).
40
(651 - 643) + -1 + -58 + 1
-50
Calculate -38 + -4 + -105 + 93 - (-20 - 0).
-34
What is 17 + -27 + -118 - (2 + (-12 - -13) - 10)?
-121
-39 + 210 + (-28 - 82)
61
What is the value of (82 - (-4 + 0)) + (-67 - -53) - 8?
64
(173 - 148 - (25 - -5)) + -16
-21
Calculate 26 + (-9 - -1) + -19 - -41.
40
Evaluate -49 - (-93 + 51 + -1).
-6
What is -5 - -17 - (448 + -422)?
-14
Evaluate (4 - 23) + -17 + 28 + -49.
-57
What is (-18 - (-4 + -16 - -14)) + 9 + -3?
-6
What is -58 + -1 + 1 + -62 + 12 + 84 + -46?
-70
What is the value of -7 + 62 + -62 + 40?
33
Evaluate -27 + 4 + -18 + ((1 - 3) + -6 - -15).
-34
What is the value of 9 + 1 + (3 - 5) + (1053 - 1071) + -14?
-24
Evaluate -5 + 7 + (-6 - -23) + -37 + 25.
7
Calculate (-58 - (11 - (3 + 6 - -4))) + -3 + 10.
-49
Calculate 17 - (-3 - -17) - (4 + -8) - 54.
-47
What is the value of -19 + 3 - (-683 + 705)?
-38
Calculate -22 + (-13 - (-67 - (-8 + -14))).
10
What is (-12 - ((10 + -20 - -4) + 4)) + 0 + -24?
-34
Evaluate 15 + (59 - (26 + 16 + -17)).
49
-40 + (-20 - -59) + 27
26
Calculate (9 - (5 - (-5 + 14))) + -127 + 18.
-96
What is the value of (48 - (8 - -2) - -4) + (13 - 2)?
53
Evaluate 21 + (10 - -8 - 17) - 20.
2
What is the value of 623 - 656 - ((1 - -3) + -24)?
-13
Calculate -66 + -82 + 7 + 56.
-85
What is (2 - 4) + (4 + (18 - 13) - -1 - 13)?
-5
Calculate -5 - (-1 + -4 + 3) - (8 + 37).
-48
What is the value of 42 - (-4 - (-41 - -27) - 25)?
57
What is the value of 34 - (-6 + 97 - 27) - (-2 - -2)?
-30
What is -6 + 57 - (8 + (1 + 5 - 5))?
42
Calculate 1 + 14 - (-1546 + 1577).
-16
What is the value of (32 - 21) + (-43 - (1 + 14))?
-47
Evaluate (-2 - (30 + 14)) + -24 + 29.
-41
Evaluate (100 - (158 - 154)) + -2 + -18.
76
What is the value of -2 + -32 + 52 + -6?
12
What is the value of (7 + 1 - ((19 - 35) + 11 - -2)) + -4?
7
What is the value of 22 - (-21 - 25) - 118?
-50
(23 - (-2 - (-23 + 40))) + 9
51
What is 41 - (41 + (20 - 5))?
-15
Calculate 1 + 4 + -12 + 0 + 14 + -40.
-33
Evaluate -79 - (21 + -103 + 103).
-100
Calculate 19 - (-3 + 28 + -34).
28
3 + -24 + (-44 - -93) - 105
-77
-54 + 29 + (-16 - -10) + -21
-52
Calculate 2 - ((-37 - -39) + (9 - 0) - 75).
66
What is the value of -3 + -12 - -5 - (-2 + 0 + 13)?
-21
What is -16 - 2 - 